e highest common factor of 4681 and 165647.
151
What is the greatest common factor of 18 and 3527514?
18
What is the greatest common divisor of 627242 and 66?
22
What is the highest common factor of 16939 and 78?
13
What is the greatest common divisor of 16444 and 59?
1
What is the greatest common divisor of 429 and 663949?
143
Calculate the highest common factor of 23 and 12696.
23
Calculate the greatest common factor of 9494 and 606.
202
Calculate the greatest common factor of 19418 and 3869.
73
Calculate the greatest common factor of 19147 and 328.
41
Calculate the highest common divisor of 122 and 13054.
122
Calculate the greatest common divisor of 162 and 15263802.
162
What is the greatest common factor of 161231 and 93?
31
What is the highest common factor of 2264 and 1336?
8
Calculate the greatest common factor of 56 and 23996.
28
What is the greatest common divisor of 238 and 11352362?
238
What is the highest common divisor of 128770 and 2370?
790
What is the greatest common divisor of 32946 and 456?
114
What is the highest common divisor of 1010 and 15250?
10
Calculate the greatest common divisor of 14 and 1984885.
7
What is the greatest common factor of 81523 and 13?
13
What is the highest common divisor of 456 and 1003048?
152
Calculate the highest common factor of 9579651 and 31.
31
What is the greatest common factor of 22 and 351571?
11
Calculate the greatest common divisor of 3317 and 31137.
107
What is the highest common divisor of 2732 and 64?
4
What is the highest common divisor of 6915 and 30?
15
What is the greatest common divisor of 3632 and 28375?
227
What is the highest common factor of 42119 and 406?
7
What is the greatest common divisor of 15660 and 330?
30
Calculate the highest common divisor of 164484 and 12636.
108
Calculate the greatest common factor of 2195028 and 759.
759
What is the highest common factor of 1606481 and 23?
23
Calculate the greatest common factor of 21124 and 148.
4
What is the highest common divisor of 16721 and 378767?
727
Calculate the highest common divisor of 3705 and 608.
19
What is the highest common divisor of 420 and 629020?
140
What is the greatest common divisor of 598 and 317837?
299
Calculate the greatest common factor of 7007 and 8073.
13
What is the greatest common divisor of 600 and 406956?
12
Calculate the highest common factor of 180 and 29660.
20
What is the greatest common factor of 2488 and 1508972?
1244
Calculate the highest common divisor of 20 and 328540.
20
What is the highest common divisor of 124413 and 11526?
339
What is the highest common divisor of 7294 and 6776?
14
Calculate the greatest common factor of 315 and 22635.
45
Calculate the highest common divisor of 1160 and 1552.
8
What is the greatest common factor of 73041 and 5529?
291
What is the greatest common divisor of 46 and 829541?
23
Calculate the highest common factor of 16 and 30736.
16
Calculate the highest common divisor of 351918 and 36.
18
What is the highest common factor of 199189 and 646?
17
What is the greatest common factor of 117 and 100134?
9
What is the greatest common divisor of 30 and 1580190?
30
What is the highest common factor of 418 and 682?
22
Calculate the greatest common divisor of 22274 and 7.
7
Calculate the highest common factor of 588 and 44772.
84
What is the greatest common divisor of 15060 and 1740?
60
Calculate the greatest common factor of 176 and 28352.
16
What is the greatest common factor of 6149 and 65?
13
What is the greatest common factor of 56 and 7?
7
Calculate the greatest common factor of 128048 and 636.
212
Calculate the highest common divisor of 42 and 5339838.
42
What is the greatest common factor of 360152 and 1118?
26
What is the highest common factor of 1521 and 46917?
117
What is the greatest common divisor of 2709 and 14?
7
Calculate the greatest common factor of 90 and 3002697.
9
Calculate the highest common divisor of 155135 and 667.
23
Calculate the greatest common factor of 3 and 13173.
3
Calculate the greatest common divisor of 88908 and 372.
372
What is the highest common divisor of 126941 and 305?
61
Calculate the highest common factor of 285 and 58330.
95
What is the highest common factor of 4844 and 47402?
346
What is the highest common factor of 4290 and 28470?
390
What is the highest common divisor of 7839 and 166629?
201
What is the highest common divisor of 634 and 7345841?
317
Calculate the highest common divisor of 144 and 42304.
16
Calculate the greatest common divisor of 1650984 and 24.
24
What is the greatest common divisor of 401125 and 1125?
125
Calculate the highest common factor of 2884 and 591941.
721
Calculate the greatest common factor of 700 and 2310.
70
Calculate the greatest common factor of 391 and 3281.
17
Calculate the highest common divisor of 158826 and 1236.
618
Calculate the highest common divisor of 402 and 106061.
67
Calculate the greatest common factor of 47970 and 60.
30
Calculate the highest common divisor of 4271 and 7.
1
Calculate the highest common factor of 9975 and 609.
21
Calculate the greatest common factor of 41 and 1927.
41
Calculate the greatest common factor of 27373 and 4743.
31
Calculate the highest common factor of 10048 and 56896.
64
Calculate the greatest common divisor of 109131 and 121.
11
Calculate the highest common factor of 295160 and 564.
188
Calculate the greatest common factor of 8 and 937848.
8
What is the greatest common factor of 1178 and 10146?
38
Calculate the greatest common divisor of 200625 and 625.
625
What is the highest common factor of 108 and 4416?
12
What is the highest common factor of 756 and 816696?
108
What is the highest common factor of 885 and 9971?
59
Calculate the greatest common divisor of 76 and 625727.
19
What is the greatest common factor of 342 and 2538?
18
Calculate the highest common divisor of 497408 and 256.
256
What is the highest common divisor of 16 and 6172?
4
Calculate the highest common factor of 32714 and 352.
22
What is the highest common divisor of 637142 and 44?
22
What is the highest common factor of 83367 and 2124?
531
What is the greatest common divisor of 730 and 17374?
146
Calculate the highest common factor of 6305 and 1170.
65
Calculate the greatest common divisor of 2670808 and 1184.
296
Calculate the greatest common divisor of 3944 and 47821.
493
Calculate the highest common divisor of 1446726 and 246.
246
Calculate the greatest common divisor of 52 and 237562.
26
What is the highest common factor of 108100 and 14476?
188
What is the highest common divisor of 5 and 1142?
1
Calculate the highest common factor of 6727 and 1519.
217
What is the highest common factor of 350 and 195706?
14
What is the greatest common factor of 1310296 and 258?
86
What is the highest common factor of 7 and 215103?
7
What is the highest common factor of 205581 and 1462?
17
Calculate the highest common factor of 103276 and 4.
4
What is the greatest common divisor of 727230 and 630?
210
Calculate the greatest common factor of 9 and 34893.
9
Calculate the highest common factor of 3040945 and 31.
31
What is the highest common divisor of 465 and 2392115?
155
What is the greatest common factor of 233871 and 57?
57
What is the highest common divisor of 10656 and 10?
2
What is the greatest common divisor of 1763 and 59254?
43
What is the greatest common divisor of 93 and 19375?
31
Calculate the highest common divisor of 115397 and 167.
167
What is the greatest common factor of 678650 and 2216?
554
Calculate the greatest common divisor of 7546 and 13783.
77
What is the greatest common factor of 2230872 and 384?
24
What is the highest common factor of 251108 and 748?
44
What is the greatest common factor of 6294 and 192?
6
What is the highest common divisor of 1095329 and 184?
23
Calculate the highest common factor of 806 and 1326.
26
What is the greatest common divisor of 18944 and 204536?
296
Calculate the greatest common factor of 18970 and 280.
70
What is the highest common factor of 39 and 13546?
13
What is the greatest common divisor of 1323 and 110061?
63
What is the highest common divisor of 66066 and 56?
14
Calculate the highest common factor of 529 and 3841.
23
Calculate the greatest common factor of 3930 and 84570.
30
What is the greatest common divisor of 30 and 1